{"id":422,"date":"2019-01-17T11:14:23","date_gmt":"2019-01-17T11:14:23","guid":{"rendered":"http:\/\/democontent.codex-themes.com\/sites\/agency-digital\/about-us-copy\/"},"modified":"2026-02-18T13:51:53","modified_gmt":"2026-02-18T12:51:53","slug":"kontakt","status":"publish","type":"page","link":"https:\/\/mdprojekt.eu\/index.php\/kontakt\/","title":{"rendered":"Kontakt"},"content":{"rendered":"<div class=\"wpb-content-wrapper\"><p>[vc_row full_width=&#8221;stretch_row&#8221; css=&#8221;.vc_custom_1553584634670{margin-bottom: 0px !important;padding-top: 20px !important;padding-bottom: 20px !important;background-image: url(http:\/\/mdprojs.cluster030.hosting.ovh.net\/wp-content\/uploads\/2019\/01\/4.png?id=257) !important;background-position: center !important;background-repeat: no-repeat !important;background-size: cover !important;}&#8221;][vc_column css=&#8221;.vc_custom_1547571093904{margin-bottom: 0px !important;}&#8221;]<div class=\"clearboth\"><\/div><style>#thegem-divider-69f2b23702b3b {margin-top: 80px !important;}<\/style><div id=\"thegem-divider-69f2b23702b3b\" class=\"gem-divider  divider-hidden\" style=\"\" ><\/div>[vc_column_text css=&#8221;&#8221;]<\/p>\n<div class=\"title-h1\" style=\"text-align: center;\">Precyzja w projekcie.<br \/>\n<span style=\"letter-spacing: 0.05em;\">Perfekcja w druku.<\/span><\/div>\n<p>[\/vc_column_text][vc_separator color=&#8221;custom&#8221; el_width=&#8221;10&#8243; css=&#8221;.vc_custom_1553584591345{padding-top: 5px !important;padding-bottom: 0px !important;}&#8221; accent_color=&#8221;#88bec9&#8243;]<div class=\"clearboth\"><\/div><style>#thegem-divider-69f2b23702b5f {margin-top: 15px !important;}<\/style><div id=\"thegem-divider-69f2b23702b5f\" class=\"gem-divider  divider-hidden\" style=\"\" ><\/div>[vc_column_text css=&#8221;.vc_custom_1754391498357{margin-bottom: 70px !important;}&#8221;]<\/p>\n<div class=\"styled-subtitle\" style=\"text-align: center;\">Skontaktuj si\u0119 z nami, a wsp\u00f3lnie stworzymy co\u015b wyj\u0105tkowego.<\/div>\n<p>[\/vc_column_text][vc_row_inner][vc_column_inner width=&#8221;1\/3&#8243; css=&#8221;.vc_custom_1551454595788{padding-top: 75px !important;padding-bottom: 57px !important;background-color: #8781bd !important;}&#8221;]<div class=\"centered-box\"><div class=\"gem-icon gem-icon-pack-elegant gem-icon-size-medium  gem-icon-shape-square gem-simple-icon\"  style=\"opacity: 1;\"><div class=\"gem-icon-inner\" style=\"\"><span class=\"gem-icon-half-1\" style=\"color: #ffffff;\"><span class=\"back-angle\">&#xe01d;<\/span><\/span><span class=\"gem-icon-half-2\" style=\"color: #ffffff;\"><span class=\"back-angle\">&#xe01d;<\/span><\/span><\/div><\/div><\/div><div class=\"clearboth\"><\/div><style>#thegem-divider-69f2b23702ba0 {margin-top: 32px !important;}<\/style><div id=\"thegem-divider-69f2b23702ba0\" class=\"gem-divider  \" style=\"\" ><\/div>[vc_column_text css=&#8221;.vc_custom_1754391737253{margin-bottom: 9px !important;padding-bottom: 0px !important;}&#8221; css_animation=&#8221;flipInX&#8221;]<\/p>\n<div class=\"title-h5\" style=\"text-align: center;\"><span class=\"light\" style=\"color: #ffffff;\">ADR<\/span><span class=\"light\" style=\"color: #ffffff;\">ES<\/span><\/div>\n<p>[\/vc_column_text][vc_column_text css=&#8221;&#8221; css_animation=&#8221;flipInX&#8221;]<\/p>\n<p style=\"text-align: center;\"><span style=\"color: #ffffff;\">ul. O\u015bwi\u0119cimska 2<br \/>\n43-170 Miko\u0142\u00f3w<\/span><\/p>\n<p>[\/vc_column_text]<div class=\"clearboth\"><\/div><style>#thegem-divider-69f2b23702bad {margin-top: 51px !important;}<\/style><div id=\"thegem-divider-69f2b23702bad\" class=\"gem-divider  \" style=\"\" ><\/div>[\/vc_column_inner][vc_column_inner width=&#8221;1\/3&#8243; css=&#8221;.vc_custom_1551454705185{padding-top: 75px !important;padding-bottom: 57px !important;background-color: #00bcd4 !important;}&#8221;]<div class=\"centered-box\"><div class=\"gem-icon gem-icon-pack-elegant gem-icon-size-medium  gem-icon-shape-square gem-simple-icon\"  style=\"opacity: 1;\"><div class=\"gem-icon-inner\" style=\"\"><span class=\"gem-icon-half-1\" style=\"color: #ffffff;\"><span class=\"back-angle\">&#xe027;<\/span><\/span><span class=\"gem-icon-half-2\" style=\"color: #ffffff;\"><span class=\"back-angle\">&#xe027;<\/span><\/span><\/div><\/div><\/div><div class=\"clearboth\"><\/div><style>#thegem-divider-69f2b23702bcd {margin-top: 32px !important;}<\/style><div id=\"thegem-divider-69f2b23702bcd\" class=\"gem-divider  \" style=\"\" ><\/div>[vc_column_text css=&#8221;.vc_custom_1754393318304{margin-bottom: px !important;padding-bottom: 0px !important;}&#8221; css_animation=&#8221;flipInX&#8221;]<\/p>\n<div class=\"title-h5\" style=\"text-align: center;\"><span class=\"light\" style=\"color: #ffffff;\">TELEFON<\/span><\/div>\n<p>[\/vc_column_text][vc_column_text css=&#8221;&#8221; css_animation=&#8221;flipInX&#8221;]<\/p>\n<p style=\"text-align: center;\"><span style=\"color: #ffffff;\">501 412 832<br \/>\n501 201 560<br \/>\n32 226 50 145<\/span>[\/vc_column_text][\/vc_column_inner][vc_column_inner width=&#8221;1\/3&#8243; css=&#8221;.vc_custom_1551454725494{padding-top: 75px !important;padding-bottom: 57px !important;background-color: #a3d070 !important;}&#8221;]<div class=\"centered-box\"><div class=\"gem-icon gem-icon-pack-elegant gem-icon-size-medium  gem-icon-shape-square gem-simple-icon\"  style=\"opacity: 1;\"><div class=\"gem-icon-inner\" style=\"\"><span class=\"gem-icon-half-1\" style=\"color: #ffffff;\"><span class=\"back-angle\">&#xe010;<\/span><\/span><span class=\"gem-icon-half-2\" style=\"color: #ffffff;\"><span class=\"back-angle\">&#xe010;<\/span><\/span><\/div><\/div><\/div><div class=\"clearboth\"><\/div><style>#thegem-divider-69f2b23702bf2 {margin-top: 32px !important;}<\/style><div id=\"thegem-divider-69f2b23702bf2\" class=\"gem-divider  \" style=\"\" ><\/div>[vc_column_text css=&#8221;.vc_custom_1551454978382{margin-bottom: 9px !important;padding-bottom: 0px !important;}&#8221; css_animation=&#8221;flipInX&#8221;]<\/p>\n<div class=\"title-h5\" style=\"text-align: center;\"><span class=\"light\" style=\"color: #ffffff;\">EMAIL<\/span><\/div>\n<p>[\/vc_column_text][vc_column_text css=&#8221;&#8221; css_animation=&#8221;flipInX&#8221;]<\/p>\n<p style=\"text-align: center;\"><span style=\"color: #ffffff;\">mdprojekt@mdprojekt.eu<\/span><\/p>\n<p>[\/vc_column_text]<div class=\"clearboth\"><\/div><style>#thegem-divider-69f2b23702bfc {margin-top: 75px !important;}<\/style><div id=\"thegem-divider-69f2b23702bfc\" class=\"gem-divider  \" style=\"\" ><\/div>[\/vc_column_inner][\/vc_row_inner]<div class=\"clearboth\"><\/div><style>#thegem-divider-69f2b23702c06 {margin-top: 15px !important;}<\/style><div id=\"thegem-divider-69f2b23702c06\" class=\"gem-divider  \" style=\"\" ><\/div><div class=\"clearboth\"><\/div><style>#thegem-divider-69f2b23702c0f {margin-top: 60px !important;}<\/style><div id=\"thegem-divider-69f2b23702c0f\" class=\"gem-divider  \" style=\"\" ><\/div>[vc_column_text css=&#8221;.vc_custom_1754392009971{margin-bottom: 70px !important;}&#8221;]<\/p>\n<div class=\"title-h4\" style=\"text-align: center;\">godziny pracy<\/div>\n<p>[\/vc_column_text][vc_row_inner][vc_column_inner el_class=&#8221;date-box box1&#8243; width=&#8221;1\/3&#8243;][\/vc_column_inner][vc_column_inner el_class=&#8221;date-box box1&#8243; width=&#8221;1\/3&#8243;]<div class=\"lazy-loading\" data-ll-item-delay=\"0\"><div class=\"gem-textbox  lazy-loading-item\"  data-ll-effect=\"move-up\" ><div class=\"gem-textbox-top gem-textbox-top-note-1\"><svg width=\"100%\" height=\"27\" style=\"fill: #ffffff;\"><defs><pattern id=\"pattern-1777513015-24\" x=\"10\" y=\"0\" width=\"20\" height=\"28\" patternUnits=\"userSpaceOnUse\" ><path d=\"M20,8V0H0v8c3.314,0,6,2.687,6,6c0,3.313-2.686,6-6,6v8h20v-8c-3.313,0-6-2.687-6-6C14,10.687,16.687,8,20,8z\" \/><\/pattern><\/defs><rect x=\"0\" y=\"0\" width=\"100%\" height=\"28\" style=\"fill: url(#pattern-1777513015-24);\" \/><\/svg><\/div><div class=\"gem-textbox-inner\" style=\"\"><div class=\"gem-textbox-content\" style=\"background-color: #ffffff;background-position: center top;padding-top: 10px;padding-bottom: 65px;\"><div class=\"centered-box\"><div class=\"gem-icon gem-icon-pack-elegant gem-icon-size-large  gem-icon-shape-square gem-simple-icon\"  style=\"margin-top: 60px;margin-bottom: 20px;opacity: 1;\"><div class=\"gem-icon-inner\" style=\"\"><span class=\"gem-icon-half-1\" style=\"color: #dde0e2;\"><span class=\"back-angle\">&#xe023;<\/span><\/span><span class=\"gem-icon-half-2\" style=\"color: #dde0e2;\"><span class=\"back-angle\">&#xe023;<\/span><\/span><\/div><\/div><\/div>[vc_separator color=&#8221;custom&#8221; el_width=&#8221;40&#8243; css=&#8221;.vc_custom_1547733428571{margin-top: 22px !important;margin-bottom: 35px !important;}&#8221; accent_color=&#8221;#00bcd4&#8243;][vc_column_text css=&#8221;&#8221;]<\/p>\n<div class=\"title-h4\" style=\"text-align: center;\"><span style=\"color: #00bcd4;\">8:00 &#8211; 16:00<\/span><\/div>\n<p>[\/vc_column_text]<\/div><\/div><\/div><\/div>[\/vc_column_inner][vc_column_inner width=&#8221;1\/3&#8243;][\/vc_column_inner][\/vc_row_inner]<div class=\"clearboth\"><\/div><style>#thegem-divider-69f2b23702cc2 {margin-top: 90px !important;}<\/style><div id=\"thegem-divider-69f2b23702cc2\" class=\"gem-divider  divider-hidden\" style=\"\" ><\/div>[\/vc_column][\/vc_row][vc_row css=&#8221;.vc_custom_1547729865112{margin-bottom: 0px !important;}&#8221;][vc_column css=&#8221;.vc_custom_1547730043236{margin-top: 0px !important;padding-top: 0px !important;}&#8221;]<div id=\"fullwidth-block-69f2b23702ce2\" class=\"fullwidth-block clearfix\"  style=\"\"><script type=\"text\/javascript\">if (typeof(gem_fix_fullwidth_position) == \"function\") { gem_fix_fullwidth_position(document.getElementById(\"fullwidth-block-69f2b23702ce2\")); }<\/script><div class=\"fullwidth-block-inner\">[vc_goo_maps location=&#8221;mikol\u00f3w, o\u015bwi\u0119cimska 2&#8243; css=&#8221;&#8221;]<\/div><\/div>[\/vc_column][\/vc_row]<\/p>\n<\/div>","protected":false},"excerpt":{"rendered":"<p>[vc_row full_width=&#8221;stretch_row&#8221; css=&#8221;.vc_custom_1553584634670{margin-bottom: 0px !important;padding-top: 20px !important;padding-bottom: 20px !important;background-image: url(http:\/\/mdprojs.cluster030.hosting.ovh.net\/wp-content\/uploads\/2019\/01\/4.png?id=257) !important;background-position: center !important;background-repeat: no-repeat !important;background-size: cover !important;}&#8221;][vc_column css=&#8221;.vc_custom_1547571093904{margin-bottom: 0px !important;}&#8221;][vc_column_text&#8230;<\/p>\n","protected":false},"author":1,"featured_media":0,"parent":0,"menu_order":0,"comment_status":"closed","ping_status":"closed","template":"","meta":{"footnotes":""},"class_list":["post-422","page","type-page","status-publish"],"yoast_head":"<!-- This site is optimized with the Yoast SEO plugin v27.0 - https:\/\/yoast.com\/product\/yoast-seo-wordpress\/ -->\n<title>Kontakt \u2013 MD-Projekt Drukarnia i Studio Graficzne Miko\u0142\u00f3w<\/title>\n<meta name=\"description\" content=\"Skontaktuj si\u0119 z MD-Projekt w Miko\u0142owie. Zapraszamy po profesjonalny druk, projekty graficzne i fotografi\u0119 produktow\u0105. Zadzwo\u0144 lub odwied\u017a nasze studio!\" \/>\n<meta name=\"robots\" content=\"index, follow, max-snippet:-1, max-image-preview:large, max-video-preview:-1\" \/>\n<link rel=\"canonical\" href=\"https:\/\/mdprojekt.eu\/index.php\/kontakt\/\" \/>\n<meta property=\"og:locale\" content=\"pl_PL\" \/>\n<meta property=\"og:type\" content=\"article\" \/>\n<meta property=\"og:title\" content=\"Kontakt \u2013 MD-Projekt Drukarnia i Studio Graficzne Miko\u0142\u00f3w\" \/>\n<meta property=\"og:description\" content=\"Skontaktuj si\u0119 z MD-Projekt w Miko\u0142owie. Zapraszamy po profesjonalny druk, projekty graficzne i fotografi\u0119 produktow\u0105. Zadzwo\u0144 lub odwied\u017a nasze studio!\" \/>\n<meta property=\"og:url\" content=\"https:\/\/mdprojekt.eu\/index.php\/kontakt\/\" \/>\n<meta property=\"og:site_name\" content=\"MD-PROJEKT\" \/>\n<meta property=\"article:modified_time\" content=\"2026-02-18T12:51:53+00:00\" \/>\n<meta name=\"twitter:card\" content=\"summary_large_image\" \/>\n<meta name=\"twitter:label1\" content=\"Szacowany czas czytania\" \/>\n\t<meta name=\"twitter:data1\" content=\"2 minuty\" \/>\n<script type=\"application\/ld+json\" class=\"yoast-schema-graph\">{\"@context\":\"https:\/\/schema.org\",\"@graph\":[{\"@type\":\"WebPage\",\"@id\":\"https:\/\/mdprojekt.eu\/index.php\/kontakt\/\",\"url\":\"https:\/\/mdprojekt.eu\/index.php\/kontakt\/\",\"name\":\"Kontakt \u2013 MD-Projekt Drukarnia i Studio Graficzne Miko\u0142\u00f3w\",\"isPartOf\":{\"@id\":\"https:\/\/mdprojekt.eu\/#website\"},\"datePublished\":\"2019-01-17T11:14:23+00:00\",\"dateModified\":\"2026-02-18T12:51:53+00:00\",\"description\":\"Skontaktuj si\u0119 z MD-Projekt w Miko\u0142owie. Zapraszamy po profesjonalny druk, projekty graficzne i fotografi\u0119 produktow\u0105. Zadzwo\u0144 lub odwied\u017a nasze studio!\",\"breadcrumb\":{\"@id\":\"https:\/\/mdprojekt.eu\/index.php\/kontakt\/#breadcrumb\"},\"inLanguage\":\"pl-PL\",\"potentialAction\":[{\"@type\":\"ReadAction\",\"target\":[\"https:\/\/mdprojekt.eu\/index.php\/kontakt\/\"]}]},{\"@type\":\"BreadcrumbList\",\"@id\":\"https:\/\/mdprojekt.eu\/index.php\/kontakt\/#breadcrumb\",\"itemListElement\":[{\"@type\":\"ListItem\",\"position\":1,\"name\":\"Strona g\u0142\u00f3wna\",\"item\":\"https:\/\/mdprojekt.eu\/\"},{\"@type\":\"ListItem\",\"position\":2,\"name\":\"Kontakt\"}]},{\"@type\":\"WebSite\",\"@id\":\"https:\/\/mdprojekt.eu\/#website\",\"url\":\"https:\/\/mdprojekt.eu\/\",\"name\":\"MD-PROJEKT\",\"description\":\"\",\"publisher\":{\"@id\":\"https:\/\/mdprojekt.eu\/#organization\"},\"potentialAction\":[{\"@type\":\"SearchAction\",\"target\":{\"@type\":\"EntryPoint\",\"urlTemplate\":\"https:\/\/mdprojekt.eu\/?s={search_term_string}\"},\"query-input\":{\"@type\":\"PropertyValueSpecification\",\"valueRequired\":true,\"valueName\":\"search_term_string\"}}],\"inLanguage\":\"pl-PL\"},{\"@type\":\"Organization\",\"@id\":\"https:\/\/mdprojekt.eu\/#organization\",\"name\":\"MD-PROJEKT\",\"url\":\"https:\/\/mdprojekt.eu\/\",\"logo\":{\"@type\":\"ImageObject\",\"inLanguage\":\"pl-PL\",\"@id\":\"https:\/\/mdprojekt.eu\/#\/schema\/logo\/image\/\",\"url\":\"https:\/\/mdprojekt.eu\/wp-content\/uploads\/2025\/08\/cropped-md-logo-1.png\",\"contentUrl\":\"https:\/\/mdprojekt.eu\/wp-content\/uploads\/2025\/08\/cropped-md-logo-1.png\",\"width\":512,\"height\":512,\"caption\":\"MD-PROJEKT\"},\"image\":{\"@id\":\"https:\/\/mdprojekt.eu\/#\/schema\/logo\/image\/\"}}]}<\/script>\n<!-- \/ Yoast SEO plugin. -->","yoast_head_json":{"title":"Kontakt \u2013 MD-Projekt Drukarnia i Studio Graficzne Miko\u0142\u00f3w","description":"Skontaktuj si\u0119 z MD-Projekt w Miko\u0142owie. Zapraszamy po profesjonalny druk, projekty graficzne i fotografi\u0119 produktow\u0105. Zadzwo\u0144 lub odwied\u017a nasze studio!","robots":{"index":"index","follow":"follow","max-snippet":"max-snippet:-1","max-image-preview":"max-image-preview:large","max-video-preview":"max-video-preview:-1"},"canonical":"https:\/\/mdprojekt.eu\/index.php\/kontakt\/","og_locale":"pl_PL","og_type":"article","og_title":"Kontakt \u2013 MD-Projekt Drukarnia i Studio Graficzne Miko\u0142\u00f3w","og_description":"Skontaktuj si\u0119 z MD-Projekt w Miko\u0142owie. Zapraszamy po profesjonalny druk, projekty graficzne i fotografi\u0119 produktow\u0105. Zadzwo\u0144 lub odwied\u017a nasze studio!","og_url":"https:\/\/mdprojekt.eu\/index.php\/kontakt\/","og_site_name":"MD-PROJEKT","article_modified_time":"2026-02-18T12:51:53+00:00","twitter_card":"summary_large_image","twitter_misc":{"Szacowany czas czytania":"2 minuty"},"schema":{"@context":"https:\/\/schema.org","@graph":[{"@type":"WebPage","@id":"https:\/\/mdprojekt.eu\/index.php\/kontakt\/","url":"https:\/\/mdprojekt.eu\/index.php\/kontakt\/","name":"Kontakt \u2013 MD-Projekt Drukarnia i Studio Graficzne Miko\u0142\u00f3w","isPartOf":{"@id":"https:\/\/mdprojekt.eu\/#website"},"datePublished":"2019-01-17T11:14:23+00:00","dateModified":"2026-02-18T12:51:53+00:00","description":"Skontaktuj si\u0119 z MD-Projekt w Miko\u0142owie. Zapraszamy po profesjonalny druk, projekty graficzne i fotografi\u0119 produktow\u0105. Zadzwo\u0144 lub odwied\u017a nasze studio!","breadcrumb":{"@id":"https:\/\/mdprojekt.eu\/index.php\/kontakt\/#breadcrumb"},"inLanguage":"pl-PL","potentialAction":[{"@type":"ReadAction","target":["https:\/\/mdprojekt.eu\/index.php\/kontakt\/"]}]},{"@type":"BreadcrumbList","@id":"https:\/\/mdprojekt.eu\/index.php\/kontakt\/#breadcrumb","itemListElement":[{"@type":"ListItem","position":1,"name":"Strona g\u0142\u00f3wna","item":"https:\/\/mdprojekt.eu\/"},{"@type":"ListItem","position":2,"name":"Kontakt"}]},{"@type":"WebSite","@id":"https:\/\/mdprojekt.eu\/#website","url":"https:\/\/mdprojekt.eu\/","name":"MD-PROJEKT","description":"","publisher":{"@id":"https:\/\/mdprojekt.eu\/#organization"},"potentialAction":[{"@type":"SearchAction","target":{"@type":"EntryPoint","urlTemplate":"https:\/\/mdprojekt.eu\/?s={search_term_string}"},"query-input":{"@type":"PropertyValueSpecification","valueRequired":true,"valueName":"search_term_string"}}],"inLanguage":"pl-PL"},{"@type":"Organization","@id":"https:\/\/mdprojekt.eu\/#organization","name":"MD-PROJEKT","url":"https:\/\/mdprojekt.eu\/","logo":{"@type":"ImageObject","inLanguage":"pl-PL","@id":"https:\/\/mdprojekt.eu\/#\/schema\/logo\/image\/","url":"https:\/\/mdprojekt.eu\/wp-content\/uploads\/2025\/08\/cropped-md-logo-1.png","contentUrl":"https:\/\/mdprojekt.eu\/wp-content\/uploads\/2025\/08\/cropped-md-logo-1.png","width":512,"height":512,"caption":"MD-PROJEKT"},"image":{"@id":"https:\/\/mdprojekt.eu\/#\/schema\/logo\/image\/"}}]}},"_links":{"self":[{"href":"https:\/\/mdprojekt.eu\/index.php\/wp-json\/wp\/v2\/pages\/422","targetHints":{"allow":["GET"]}}],"collection":[{"href":"https:\/\/mdprojekt.eu\/index.php\/wp-json\/wp\/v2\/pages"}],"about":[{"href":"https:\/\/mdprojekt.eu\/index.php\/wp-json\/wp\/v2\/types\/page"}],"author":[{"embeddable":true,"href":"https:\/\/mdprojekt.eu\/index.php\/wp-json\/wp\/v2\/users\/1"}],"replies":[{"embeddable":true,"href":"https:\/\/mdprojekt.eu\/index.php\/wp-json\/wp\/v2\/comments?post=422"}],"version-history":[{"count":32,"href":"https:\/\/mdprojekt.eu\/index.php\/wp-json\/wp\/v2\/pages\/422\/revisions"}],"predecessor-version":[{"id":2126,"href":"https:\/\/mdprojekt.eu\/index.php\/wp-json\/wp\/v2\/pages\/422\/revisions\/2126"}],"wp:attachment":[{"href":"https:\/\/mdprojekt.eu\/index.php\/wp-json\/wp\/v2\/media?parent=422"}],"curies":[{"name":"wp","href":"https:\/\/api.w.org\/{rel}","templated":true}]}}